hen 29145 - ((-726)/22 - -18) is divided by 14?
12
Suppose p - 2*f = 63, -256 = -2*p - 2*p + 4*f. Suppose -4*g - 526 = 3*x + 480, 0 = g + 4. Calculate the remainder when p is divided by (x/88)/(10/(-48)).
11
Suppose 0 = -3*x + 6*x. Suppose j - 4*q = 8, x = 2*j - 3*j - 5*q + 8. What is the remainder when (1 + (-8)/(256/24))*56 is divided by j?
6
Let q = 4653 + -4613. Calculate the remainder when 192 is divided by q.
32
What is the remainder when 161 is divided by 2/(-72)*-12 + (-100)/(-6)?
8
Let t(j) = -j**2 + 14*j + 7. Let v be (-2)/4*2*-4. Suppose 99 = -v*w + 7*w. What is the remainder when w is divided by t(14)?
5
Suppose -736*z + 798*z - 227106 = 0. Calculate the remainder when z is divided by 28.
23
Let n(b) = 12*b**2 + 66*b + 288. What is the remainder when n(-8) is divided by 19?
15
Let i(g) = 210*g - 422. Calculate the remainder when i(7) is divided by 200.
48
Let v(t) = 7*t**2 + 182*t + 18. Let r be v(15). Suppose 101*z + r = 112*z. Calculate the remainder when z is divided by 79.
77
Suppose h = 4*y - 32, -6*h - 84 = -h - y. Let l = h - -31. Suppose 26*s - 2089 = -71*s + 627. Calculate the remainder when s is divided by l.
13
Let o = -39564 + 39600. Suppose -5*r = 10 - 50. Calculate the remainder when o is divided by r.
4
Suppose -29*a = 20*a + 309 - 1387. Calculate the remainder when 3736 is divided by a.
18
Let y(g) = -5*g + 98. Let l be y(18). Suppose 5*j - 1113 = -l. Calculate the remainder when j is divided by 32.
29
Let m = 24 + -8. Let c = -280 - -285. Suppose -c*s = -2*s - 4*a - 70, 0 = 5*s - 3*a - 135. What is the remainder when s is divided by m?
14
Suppose 3*k - 4*f = 2275, -2*k + 4*f = -197 - 1309. Calculate the remainder when k is divided by 375.
19
Suppose -5*n - 13 = 5*z - 8, -5*n - 2*z = 2. Suppose o + 4*d - 35 = n, 0 = -4*o + 9*o + 4*d - 239. What is the remainder when 305 is divided by o?
50
Let r(k) = -9*k - 6 - k**2 + 17 + 0*k + 13. Let p be r(-11). Calculate the remainder when (-8544)/(-104) - (p + (-72)/39) is divided by 6.
4
Let k = -142 + -1164. Let b = k - -65. Calculate the remainder when b/(-17) - (-1 + -2) is divided by 16.
12
Let h(l) be the second derivative of l**3/2 - 3*l**2 - 4*l. Suppose 15*u + 117 = 177. What is the remainder when h(7) is divided by u?
3
Suppose 5*q = 0, -4*t + 13*q + 1916 = 15*q. Calculate the remainder when t is divided by 70.
59
Suppose v = 6*v - 25. Suppose -4*f = -v*f + 41. What is the remainder when 4/((-16)/4) + 227 + -23 is divided by f?
39
Let x = 1118 - 405. Calculate the remainder when x is divided by 237.
2
Let r(o) = -2*o**2 - 101*o - 361. Suppose -4*c = -5*b + 21, c + 3 = -1. Let q = 17 + b. What is the remainder when r(-46) is divided by q?
17
Suppose -945*j + 165749 - 16061 = 1728*j. Suppose 0 = -4*m - 8, -m + 17 = n - 67. What is the remainder when n is divided by j?
30
Let b(f) = 33*f**2 + 283*f - 17. What is the remainder when 514 is divided by b(-9)?
78
Suppose -2*o + 26 = -2*s, -5*o + 5*s = -9*o + 25. What is the remainder when 822 is divided by o?
2
Let g be (-80)/(-24) - (1 - (-10)/(-6)). Suppose -5*m = 2*k - 69, -g*k = m - 7 - 14. Calculate the remainder when 111 is divided by m.
7
Let k = -2226 - -2286. Calculate the remainder when 7619 is divided by k.
59
Let b(n) = -n**3 + 65*n**2 - 244*n + 88. Calculate the remainder when b(61) is divided by 48 - (-4 - -2) - 3.
41
Suppose -21*o = -216 + 90. Calculate the remainder when (-3)/(-9)*(-8964)/(-12) is divided by o.
3
Let s(i) = 2*i**2 + 73*i - 650. Calculate the remainder when s(-45) is divided by 37.
4
Let o = 321 - 319. Calculate the remainder when (o/1)/((180/(-207))/(-10)) is divided by 3.
2
Suppose 4*p - 78 = 2*p + 4*n, -4*n = p - 51. Let u(s) = 2*s**2 + 75*s - 1368. Calculate the remainder when p is divided by u(-51).
7
Suppose h = 4*h - 180. Let v(u) = -4*u + 7. Let t be v(-8). Suppose -30 - t = -2*k + i, 4*i = -5*k + 140. What is the remainder when h is divided by k?
28
Suppose 5*t - 2*d - 1509 = 0, 3*t - 899 = -3*d + d. Let g = -239 + t. Calculate the remainder when g is divided by 7.
6
Suppose -2*o - 192 = -t, -15 = 6*o - o. What is the remainder when 196 is divided by t?
10
Calculate the remainder when 713 is divided by ((-16065)/(-378))/(10/24).
101
Suppose -55*n - 891 = -56*n - 4*f, -5*n + 4*f + 4503 = 0. Calculate the remainder when n is divided by 443.
13
Suppose -4*l + 364 = 2*y, y - 5*l - 92 - 62 = 0. Let t = y + -163. What is the remainder when 62 is divided by t?
7
What is the remainder when 240 is divided by (-21)/14*988/(-57)?
6
Suppose -5*p - 47 = -6*p. Let w = 91 - p. Suppose c = -c + w. What is the remainder when 43 is divided by c?
21
Let b = -9070 + 9312. Calculate the remainder when b is divided by 51.
38
Let k(v) = v**2 - 5*v - 6. Let l be k(6). Suppose 3*b - 40 = r - 0*r, -5*r - 20 = l. Suppose 4*q = b - 4. What is the remainder when q is divided by 2?
0
Suppose 90 = 3*t + 3*m, 10*t - 5*t - 100 = 5*m. Suppose 3*o + t = -5. What is the remainder when o/(-2)*7 - 4 is divided by 8?
7
Suppose 594 + 207 = 139*z + 106. Suppose 0 = -0*l - 3*l + 48. What is the remainder when l is divided by z?
1
Let d(c) = 3*c + 4. Let n(w) = 5*w - 3*w - 66 + 5*w. Calculate the remainder when n(13) is divided by d(3).
12
Let r(t) = -t**3 - 10*t**2 + 13*t + 48. Let l be r(-13). Let q = 424 - l. Calculate the remainder when 73 is divided by q.
35
Suppose d + f = 392, 4*f + 796 = 6*d - 4*d. Calculate the remainder when d is divided by 99.
97
Let p(j) = 4 - 3*j + 4*j + 3 - 8. Let n be p(5). Suppose 5*c + 349 = 4*w, 61 = -0*w + w + n*c. What is the remainder when w is divided by 41?
40
Let a = 156 + -94. Suppose -3*t + 3*b + a = -79, -2*t = 2*b - 102. Calculate the remainder when t is divided by 10.
9
Suppose 0 = 4*n + 2*t + 138, 4*n + t + 140 = -3*t. Let v = n - -32. Calculate the remainder when 173 is divided by ((-29)/v)/((-1)/(-2)).
28
Let p(i) = -i**3 - 2*i**2 - 17. Let g be p(0). Let s be (g/3)/((-3)/108). Let a = s + -135. What is the remainder when a is divided by 19?
12
Suppose -8 = -0*h - 2*h. Let b(y) = -4870 + 5*y**2 - 4*y**2 + 4885. Calculate the remainder when b(0) is divided by h.
3
Let z = 66 - 43. Suppose -2*r + z - 1 = -3*o, -3*o - 6 = 0. Suppose -w - 3 + r = 0. What is the remainder when 29 is divided by w?
4
Let u be (3/1)/(-1 - (-58)/52). Suppose -u*j = -32*j + 636. Let x = -91 + j. What is the remainder when 25 is divided by x?
10
Let k = 182 - 182. Suppose 3*l - 29 = 5*i + 39, k = -2*l + i + 57. What is the remainder when 151 is divided by l?
27
Calculate the remainder when (-21376)/(-48) + 4/(-6) - (-1)/3 is divided by 23.
8
Calculate the remainder when 1677 is divided by 3 + 1/((-14)/38) - (-280584)/504.
6
Let q be -29*2/(6/(-15)). Suppose 0 = 16*d + q - 401. Calculate the remainder when d is divided by 6.
4
Let h(t) = -10*t + 107. Let y be h(11). Calculate the remainder when 173 is divided by ((-2)/y)/1 - 2847/(-117).
23
Suppose 24*y - 248 = -7*y. What is the remainder when 20 is divided by y?
4
Suppose 0 = -5*w - 4*r + 81 - 39, 0 = w + 5*r. Calculate the remainder when 91 is divided by w.
1
Let h = 14428 - 12914. Calculate the remainder when h is divided by 11.
7
Calculate the remainder when 2*6*(-11 - (-156)/6) is divided by 61.
58
Suppose -10*o = -331 - 349. Let c = -5 - -34. Calculate the remainder when c is divided by ((-6)/(-1))/(51/o).
5
Let w = -3915 - -4101. Calculate the remainder when 733 is divided by w.
175
Suppose -238*r + 247*r = 14328. Calculate the remainder when r is divided by 38.
34
Let b(j) = 17*j**2 + 6. Let n(m) = -m**3 + 20*m**2 - 161*m + 2740. Calculate the remainder when b(3) is divided by n(19).
33
Let a(p) = -p**3 - 7*p**2 - 3*p - 3. Let x(g) = 19*g + 3. Let m be x(-7). Let t = m + 217. What is the remainder when t is divided by a(-7)?
15
Let c(s) = 8*s**2 + 237*s - 182. What is the remainder when c(-41) is divided by 15?
9
Suppose -2628 - 1484 = -16*j. What is the remainder when j is divided by 129?
128
Suppose -5*a + 3*x + 20 = 0, 5*a - 2*x - 3 = 22. What is the remainder when (24 - 10 - (9 + -2)) + (-34)/(-2) is divided by a?
3
Let j(a) = a**3 + 28*a**2 - 36*a - 48. Let w = -726 - -697. What is the remainder when j(w) is divided by 62?
31
Suppose -150 = -4*b - 5*f + 174, 0 = 3*b - 4*f - 243. Let p(m) = 2*m**3 + m**2 + 30. Calculate the remainder when b